2. What is z(-7)?
-20
Let w(r) = 12*r**3 + 30*r**2 - 41*r - 41. Let k(z) = 4*z**3 + 10*z**2 - 14*z - 14. Let l(c) = -8*k(c) + 3*w(c). Give l(-3).
4
Let n(k) be the third derivative of 0 + 0*k - 11*k**2 + 1/180*k**6 - 1/120*k**5 - 2/3*k**4 + 0*k**3. Let l(g) be the second derivative of n(g). Give l(-1).
-5
Let r be (6 - 1)*13*(9 - 10). Let y = 14 + r. Let q = y + 52. Let i(n) = -10*n**2 - n + 1. Determine i(q).
-10
Let m(z) = 4*z**2 - 4. Let p(r) be the third derivative of -r**5/60 + r**3/6 + r**2. Suppose 185 = -11*x + 218. Let q(c) = x*p(c) + m(c). Determine q(2).
3
Let a(s) = s**3 + 4*s**2 - 2*s + 4. Let k(n) = -n**3 + 8*n**2 - 8*n + 5. Let b be k(7). Let r = b + -2. Let x be (2 - 3)/(r - (-17)/4). Determine a(x).
12
Suppose 4*o = 5*x + 32, -24*x - 11 = 3*o - 19*x. Suppose 5 = -5*w - p + 68, o*w = -3*p + 33. Let v(r) = r - 8. Determine v(w).
5
Let y(m) be the second derivative of m**4/8 - 2*m**3/3 + 35*m**2/2 + m - 15. Let x(j) be the first derivative of y(j). Give x(-3).
-13
Let n(x) be the first derivative of -x**3/3 - 3*x**2/2 + 4*x - 4. Suppose -103*o = -104*o - 6. Give n(o).
-14
Let p(x) = -2 + 34*x**2 - 56*x**2 - 3*x + 15*x**2 + 6*x**2. What is p(4)?
-30
Let w(u) be the second derivative of -u**5/20 + 11*u**4/12 - u**3/6 + 3*u**2 + 2*u. Suppose 0 = 7169*n - 7160*n - 99. Determine w(n).
-5
Let x(z) be the first derivative of -z**4/4 + 2*z**3 - 7*z**2/2 - 6*z + 8496. Calculate x(6).
-48
Let g(i) = -5*i**2 - i - 4. Suppose 17*h - 115 = -36*h - 9. Give g(h).
-26
Let m(a) = -2*a - 10. Let z = 34 + -31. Suppose 7*c + z = 8*c. Let u be 1/((-2)/20) + c. Calculate m(u).
4
Let r(w) = 8 - 3*w + 7 + 0*w. Suppose 299*g - 688 = -892 + 1699. Calculate r(g).
0
Let a be (-637)/(-343) - ((-135)/63 + -1). Suppose 2 - 8 = -3*p. Let u(d) = -6*d + d**2 - 1 + 0*d**p + 4. Determine u(a).
-2
Let p = -27423 + 27429. Let m(q) = -5*q**2 - 29*q + 14. Let i(x) = 2*x**2 + 14*x - 7. Let t(k) = -7*i(k) - 3*m(k). Determine t(p).
-23
Let v(p) be the second derivative of -7*p**3/3 + 16*p**2 + 2241*p. Give v(3).
-10
Let s(o) be the first derivative of 3*o**2/2 - o - 250. Let z(n) = -n + 2. Suppose c - 5 = -2. Let a be z(c). Give s(a).
-4
Let l(u) = -5*u + 5. Let f(m) = 16*m - 64. Let k(v) = 8*v - 33. Let c(y) = 3*f(y) - 7*k(y). Let x be c(4). Determine l(x).
-30
Let w(h) = -h**2 + 19*h - 49. Let y be w(14). Suppose -y - 9 = -5*z. Let g(o) = -o**3 + 5*o**2 + 3*o + 12. Give g(z).
-6
Suppose 16*b = 12*b + 976. Let q = b + -255. Let g(r) = -r**3 - 10*r**2 + 10*r + 8. Calculate g(q).
19
Let d(i) = 8*i + 72. Let u(j) = -j + 1. Let q(p) = d(p) - 5*u(p). What is q(-6)?
-11
Let f(n) = 5*n**2 + n. Suppose -12 = -6*i - 0. Suppose t + 0 = -i. Let u be -4 + (1 - t)/1. Determine f(u).
4
Let k = -13124 + 13115. Let i(q) = q**2 + 12*q + 6. Let z(b) = -b**2 - 12*b - 5. Let j(h) = 3*i(h) + 2*z(h). Determine j(k).
-19
Let m(g) = -g**2 + 5*g - 4. Let p(n) = -n**2 - 3*n + 10. Let l be p(3). Let r(c) = 2*c**2 + 11*c + 18. Let x be r(l). Let s = x - 55. What is m(s)?
2
Let a(t) = t**3 + 11*t**2 - 4*t + 62. Let z(r) = -2*r**3 - 9*r**2 + 4*r - 66. Let x(n) = -3*a(n) - 2*z(n). Give x(15).
6
Suppose -u = s + 2*s - 31, -5*s + 4*u + 29 = 0. Let w(q) = 5*q + 28. Let f be w(-5). Let m(c) = f - 8 - 9*c - 1 + c**2 + 1. What is m(s)?
-5
Let a(m) = -m**3 - 9*m**2 - 5*m - 2. Suppose -2*h = 8, 4*r + 4*h = -0*r + 272. Suppose -39*n = -30*n + r. Determine a(n).
-26
Let z(t) be the third derivative of t**3/3 + 6*t**2. Let h(w) = -3*w**2 + 2*w - 8. Let b(m) = -h(m) - 5*z(m). Calculate b(-3).
31
Let s(k) be the first derivative of -3*k**2/2 + 113*k - 8124. Determine s(40).
-7
Let r = -5 - -1. Let n(p) = 4*p + 13. Let i(u) = -4 - 5*u - 6 - 5 + 0. Let s(a) = 5*i(a) + 6*n(a). Give s(r).
7
Let f(y) be the second derivative of 0 + 77*y - y**2 + y**3 - 1/6*y**4. Determine f(4).
-10
Let y(k) be the second derivative of -4/3*k**3 - 90*k + 0 + 0*k**2. Calculate y(2).
-16
Suppose 350*s - 349*s - 59 = 0. Suppose 38*x - s = 359. Let l(n) = -n**3 + 11*n**2 + n - 9. Give l(x).
2
Suppose 4*w = 18*n - 21*n + 14, 5*n - w = 31. Let d(h) = h**2 - 3. Calculate d(n).
33
Let h(u) = 35 + 2*u**3 - 2*u**3 - 5723*u**2 + 2856*u**2 + 2868*u**2 - 21*u + 2*u**3. Determine h(2).
13
Suppose -4*g - 2*q = -38, 6 = -33*g + 34*g - 3*q. Suppose 0 = 6*a - g*a + 9. Let i(s) be the first derivative of s**3/3 - s**2/2 + 2. What is i(a)?
6
Let j = -686 + 679. Let m(f) = -f**3 - 4*f**2 + 18*f. What is m(j)?
21
Suppose 3*b + c = -b - 28, 3*b = c - 21. Let v(n) = 124*n - 37. Let z(t) = -68*t + 19. Let w(l) = -6*v(l) - 11*z(l). Determine w(b).
-15
Let r(w) = -w**3 + 10*w**2 - 9*w - 4. Let o be r(9). Let i(m) = -219*m - 58. Let y(c) = -94*c - 25. Let k(u) = 6*i(u) - 14*y(u). What is k(o)?
-6
Let k be (-2)/(-8) + 13/(-4). Let w = -39 - -41. Let n(h) = h**3 - 4*h**2 - h - 1. Let c(m) = -3*m**3 + 8*m**2 + 1. Let g(d) = w*c(d) + 5*n(d). Calculate g(k).
3
Let f(i) = 10*i**2 - 227*i + 41. Let a(n) = 2*n**2 - 45*n + 8. Let p(q) = 11*a(q) - 2*f(q). Give p(20).
-14
Let q be ((-8)/10)/((-160)/25 - -6). Let g(j) = -12*j - 11*j + q - 16*j + 19*j. Give g(-1).
22
Let m(x) = x**2 - 14*x - 14. Let z be (-230)/(-4)*(-84)/105. Let p be (-644)/z + -1 + 2. Give m(p).
1
Let q be (-5)/100 - (-1215)/300. Let k(i) = -i**3 + 3*i**2 - 2*i - 8. Determine k(q).
-32
Let m be (24 - 18) + -1 + (-24)/(-6). Let o(j) = 2*j**2 - 13. Give o(m).
149
Let b(f) = f**3 + f - 1. Let k(s) = 3*s**3 + s**2 + 3*s - 2. Let g(q) = 2*b(q) - k(q). Let o(z) = -z**3 + z**2 - 1204*z + 2410. Let u be o(2). Calculate g(u).
6
Suppose -l - a = 6, 0*l + 2*a + 8 = 2*l. Let w(g) = 35*g + 3. Determine w(l).
-32
Suppose 0 = 3*a - 1 - 2. Let c be (6/12)/(a/(-4)). Let f(x) = -5*x + 34. Let p(h) = h + 9. Let r(d) = f(d) - 4*p(d). Calculate r(c).
16
Suppose 25*c + 4 = 79. Let n(u) = -3*u**3 + 2*u - 21 + 21 - 12*u**2 + c*u**2 + 6*u**2. Determine n(1).
-4
Suppose 583*s - 617*s = 68. Let j(d) = d**3 + d**2 + 6*d + 7. What is j(s)?
-9
Let l(n) = n**2 + 9*n + 7. Suppose -3*a - 15 = -8*a. Suppose a*m - 9*m = -288. Suppose w - m = 9*w. Determine l(w).
-11
Let x be (2 - 1)/(2/4). Let a(n) = -3*n**3 - 7*n**2 - 3*n - 2. Let p(d) = -d**3 - d**2 - 1. Let k(r) = -a(r) + 5*p(r). Calculate k(x).
-5
Let y(q) = 4*q**2 - 28*q - 7. Let z be (13*(-30)/(-585))/(5/(105/2)). Give y(z).
-7
Let n(s) = -s**2 + 7*s - 1. Let a(u) = -869*u - 17. Let q be a(0). Suppose -2*o + 0*w = 3*w - 46, 4*o + 4*w = 88. Let p = q + o. Give n(p).
11
Suppose -200*j + 202*j - 44 = 0. Let o(h) = -18*h - 22 + j + 13*h. Calculate o(3).
-15
Suppose -4 = -11*b + 9*b. Let i(j) = -53*j + 2*j**2 - j**b + 47*j + 1. Calculate i(5).
-4
Let q(t) be the third derivative of t**9/2160 + 5*t**5/12 - 75*t**2. Let v(y) be the third derivative of q(y). What is v(1)?
28
Let c = 45 - 36. Let k(p) be the third derivative of p**4/24 - 5*p**3/6 + 308*p**2. Calculate k(c).
4
Let s(z) = 4*z - 6. Let a(o) = -o**2 + 5. Let v(b) = 2*b**2 - b - 10. Let k(l) = -5*a(l) - 2*v(l). Let h(i) = 3*k(i) - 2*s(i). Give h(-2).
13
Let z(y) = y**3 + 6*y**2 - 8*y. Let s(o) be the third derivative of 1/60*o**5 + 20*o**2 - 1/3*o**4 + 0 + 0*o + 4/3*o**3. Let t be s(5). Calculate z(t).
7
Suppose -25 = -3*p + 8*p. Let n(j) = -17*j**3 + 6*j**2 + 5*j - 2. Let h(l) = -11*l**3 + 6*l**2 + 4*l - 3. Let m(t) = -3*h(t) + 2*n(t). Give m(p).
-10
Suppose -7*t - 1 = -22. Let p(y) = -y**3 + 1 + 9*y**2 - t*y**2 - y**2. Let q be (-12)/(-8) - (-14)/4. Calculate p(q).
1
Let a(x) = -x**2 + 3*x + 1. Let t be a(4). Let v(y) = -2*y**2 - 14*y - 124. Let l(c) = c**2 + 7*c + 74. Let q(f) = -5*l(f) - 3*v(f). Calculate q(t).
-10
Let k be 12*8*(-2)/(-24) - 5. Let f(j) = j**2 + j - 2. Let w be f(-3). Let q(h) = 4*h + 2*h**2 + 3*h**2 - w*h**2 - 2*h**2. Give q(k).
3
Let s = 18 + -10. Let h(a) = a**2 - 3 + 7*a + s + 1. Suppose 2*v + 22 = -2*j, 146*v = 150*v + 2*j + 36. What is h(v)?
6
Let j(q) = -q + 12. Let y = 9853 - 9882. Give j(y).
41
Let a(o) be the second derivative of o**5/20 + 2*o**4/3 + 3*o**3/2 + 13*o**2/2 - 2231*o. What is a(-6)?
31
Let b(l) be the second derivative of l**5/30 - l**4/6 - 49*l**3/6 + 45*l. Let d(r) be the second derivative of b(r). Determine d(-3).
-16
Suppose -18 = 5*i - 7*i. Let j(t) = -8*t**2 + 15*t**3 - i*t - 27*t**3 + 6*t**3 + 7*t**3 - 6. Let q be j(9). Let v(m) = m + 2. What is v(q)?
-4
Let d be 710/(-6) + 9*(